base 11?
1088207
What is -c0578 (base 13) in base 10?
-343676
101110011010011 (base 2) to base 5
1230023
Convert 1114430001 (base 5) to base 16.
2620bf
Convert 12112111110201 (base 3) to base 6.
143023031
20601a5 (base 11) to base 7
42602413
-1c404 (base 14) to base 3
-10122221120
6676232 (base 10) to base 6
355032252
What is 1cbbc1 (base 14) in base 10?
1031325
What is -110d1 (base 15) in base 13?
-1b88c
Convert 520a9 (base 15) to base 13.
91488
What is -110110011110111100010 (base 2) in base 3?
-10100200222202
What is 14241502 (base 7) in base 11?
834246
325425 (base 6) to base 12
13875
-1a23409 (base 13) to base 12
-2a6b2b5
What is -12111102121 (base 3) in base 7?
-630316
Convert 27d6b (base 16) to base 14.
43679
What is ce71ae (base 15) in base 4?
211203220100
Convert -70246 (base 12) to base 16.
-23856
What is -540755 (base 8) in base 6?
-3512353
What is -22220201020000 (base 3) in base 7?
-55162134
-69b0b (base 14) to base 10
-257359
-dd0a0c (base 14) to base 13
-17247a9
What is -102002002001002 (base 3) in base 5?
-3001333304
Convert -a6b97 (base 15) to base 4.
-2001023131
-100110001100001110000 (base 2) to base 10
-1251440
Convert -3988ed (base 16) to base 10.
-3770605
-121321003 (base 4) to base 15
-21651
What is 13b486 (base 15) in base 6?
32203213
12916 (base 16) to base 13
28804
Convert -110110100100001010 (base 2) to base 4.
-312210022
-96491 (base 12) to base 6
-4123101
What is -2311315 (base 7) in base 12?
-11b03a
10010011011110111100 (base 2) to base 5
123312332
Convert -39b44 (base 12) to base 14.
-20d12
-400423351 (base 6) to base 14
-c7adb5
-12522520 (base 6) to base 13
-117087
-147a86 (base 11) to base 13
-80a46
What is -1004225 (base 8) in base 6?
-5355445
What is -1023050 (base 7) in base 8?
-361173
What is 884021 (base 10) in base 6?
30540405
What is 152010113 (base 6) in base 9?
5866750
53448 (base 10) to base 6
1051240
-47b31 (base 14) to base 3
-22220011010
What is 1c9204 (base 13) in base 10?
734140
Convert 2724b7 (base 12) to base 10.
646987
Convert 22221425 (base 6) to base 15.
d4055
What is 7c1c1 (base 15) in base 11?
24aa87
What is 20111122222 (base 3) in base 13?
4639a
6f5e7 (base 16) to base 3
212011202002
Convert -388680 (base 13) to base 4.
-11030102211
Convert 10101111010011001 (base 2) to base 10.
89753
What is -3502353 (base 7) in base 16?
-6ae5d
74271 (base 10) to base 7
426351
What is -110011102 (base 4) in base 14?
-21d98
Convert -2310104 (base 5) to base 11.
-29017
Convert -101114302 (base 5) to base 7.
-3330006
Convert 1246615 (base 8) to base 6.
11240541
What is -2221202220202 (base 3) in base 8?
-5772635
Convert -721384 (base 10) to base 15.
-e3b24
Convert -1101011110100001101111 (base 2) to base 5.
-1401023121
Convert -1a07437 (base 11) to base 13.
-919b64
2774642 (base 9) to base 8
5643530
Convert -7024983 (base 10) to base 7.
-113466000
20120021101 (base 3) to base 12
62954
Convert 479715 (base 14) to base 4.
21111033113
725c4 (base 16) to base 5
104442140
What is 5652470 (base 8) in base 11?
954961
What is 191551 (base 11) in base 7?
2335340
-518a (base 16) to base 6
-240350
What is 756395 (base 11) in base 9?
2242410
Convert 5153220 (base 6) to base 3.
110121120010
Convert 10202010323 (base 4) to base 6.
41244415
Convert 18036a (base 11) to base 5.
32403433
22022221311 (base 4) to base 16
28aa75
10110100111101110 (base 2) to base 12
45752
Convert 113113331 (base 5) to base 7.
4263400
What is -111896 (base 10) in base 13?
-3bc15
What is 11155345 (base 6) in base 15?
6b545
Convert -242059 (base 10) to base 13.
-8623c
Convert 7477733 (base 10) to base 7.
120362654
What is 622c1 (base 15) in base 10?
311131
Convert -4240294 (base 10) to base 7.
-51020242
Convert -6651766 (base 8) to base 3.
-10100222202002
What is 105a7 (base 12) in base 7?
116632
-d1cc5 (base 15) to base 5
-132230020
1132001102 (base 4) to base 13
106397
Convert 20543120 (base 7) to base 2.
110101001001111111001
-808765 (base 10) to base 15
-10e97a
Convert -1110100111001110 (base 2) to base 3.
-10001002211
a71980 (base 11) to base 13
480abc
1003102330 (base 5) to base 7
23013002
Convert 10000100100000111011 (base 2) to base 8.
2044073
What is -18424 (base 13) in base 12?
-23137
Convert 1200221020212 (base 3) to base 8.
3345721
Convert -22110020122 (base 3) to base 13.
-5a974
What is -b9f973 (base 16) in base 8?
-56374563
181186 (base 11) to base 9
465635
Convert a9b5 (base 15) to base 9.
54268
What is -5411061 (base 7) in base 2?
-10100000101101010100
-101000000111100111 (base 2) to base 5
-20224302
Convert 502462 (base 12) to base 9.
2312262
-1630142 (base 8) to base 3
-212221021120
-10057 (base 14) to base 6
-454113
6a978b (base 12) to base 15
23db2e
Convert 1579728 (base 11) to base 3.
12001202221121
-22220000212 (base 3) to base 6
-3430035
433033011 (base 5) to base 2
111000010101011110110
Convert -655050 (base 8) to base 11.
-140067
What is 3500051 (base 6) in base 4?
223222333
What is 1a706a (base 11) in base 9?
532570
Convert -3676705 (base 8) to base 15.
-150c27
1f697 (base 16) to base 13
46742
-24034311 (base 7) to base 15
-2c00ac
Convert -c28a (base 13) to base 9.
-40705
Convert -146b1 (base 15) to base 2.
-10000000001101001
What is -153035061 (base 7) in base 5?
-10110310144
What is 11747363 (base 10) in base 15?
1070a78
Convert 60572 (base 9) to base 10.
39836
What is -13200145 (base 7) in base 2?
-100100111011101001010
What is -1011000010101011 (base 2) in base 5?
-2421402
What is 54eccc (base 15) in base 5?
2014041032
Convert -124200034 (base 5) to base 14.
-120508
What is -1dee8 (base 15) in base 13?
-35714
What is -30141300 (base 5) in base 6?
-5052012
What is 32644450 (base 8) in base 6?
410411144
Convert -25824 (base 11) to base 7.
-212446
102433 (base 13) to base 10
376405
Convert -3643712 (base 8) to base 7.
-11340405
Convert -10100011010001111001101 (base 2) to base 4.
-110122033031
Convert 265502 (base 7) to base 16.
c33e
Convert 3408471 (base 10) to base 9.
6364480
What is 19b9d6 (base 14) in base 8?
3374370
What is 110032331 (base 4) in base 13?
2b952
Convert -51608 (base 16) to base 7.
-2555531
What is -27415410 (base 8) in base 12?
-2095060
2d5c45 (base 15) to base 11
1270302
21020001120 (base 3) to base 14
39b6d
What is 20ee7 (base 16) in base 14?
3722b
-350545 (base 8) to base 5
-12303031
Convert -7982066 (base 10) to base 6.
-443030002
-494468 (base 11) to base 12
-318567
What is -100010110111100 (base 2) in base 16?
-45bc
What is 1010011000000011110 (base 2) in base 5?
41334443
10010101000000110 (base 2) to base 8
225006
Convert 226325006 (base 7) to base 6.
1214434502
Convert 7393bf (base 16) to base 15.
9e9443
What is -15319a0 (base 11) in base 12?
-a66119
538 (base 11) to base 16
286
103243 (base 8) to base 11
23994
Convert -1613062 (base 7) to base 8.
-661415
What is 21012013 (base 4) in base 16?
9187
-30010333 (base 5) to base 14
-61965
22685 (base 10) to base 4
11202131
What is -766874 (base 12) in base 14?
-36c4c0
What is 24605 (base 8) in base 16?
2985
21200111200001 (base 3) to base 15
55a29a
Convert 3321623 (base 7) to base 8.
1436370
What is -101111000011100010011111 (base 2) in base 16?
-bc389f
-26411 (base 12) to base 5
-3134204
11100100001001000111100 (base 2) to base 8
34411074
-2535615 (base 10) to base 8
-11530277
-41311444 (base 5) to base 12
-14399a
What is -19703b (base 15) in base 2?
-100101110011010011001
What is -13362872 (base 9) in base 5?
-3142032401
What is 88603 (base 13) in base 10?
247081
What is 11110011100101111 (base 2) in base 12?
60213
20130454 (base 8) to base 15
58b2e0
-1601605 (base 9) to base 6
-31002135
-11021020010 (base 3) to base 12
-40740
Convert 32213021 (base 4) to base 6.
1141025
What is -5a136 (base 11) in base 4?
-111022103
-3546a74 (base 11) to base 7
-103411113
What is -97401 (base 16) in base 11?
-393501
110000100001100001101 (base 2) to base 5
401340104
What is -2a4c (base 15) in base 12?
-5300
What is -2011222001102 (base 3) in base 14?
-222d66
9898564 (base 10) to base 13
2087650
What is 42340104 (base 6) in base 4?
10233020020
b30ca (base 13) to base 16
4e5a0
What is 2145523 (base 6) in base 7?
625356
What is 18c062 (base 15) in base 16?
1262e7
What is 284405 (base 13) in base 12?
3b353b
Convert 11201201202120 (base 3) to base 15.
349dec
Wha